ist the prime factors of 159037.
359, 443
What are the prime factors of 89574?
2, 3, 14929
List the prime factors of 21343.
7, 3049
List the prime factors of 65925.
3, 5, 293
List the prime factors of 4573.
17, 269
List the prime factors of 24346.
2, 7, 37, 47
List the prime factors of 101614.
2, 23, 47
List the prime factors of 5342.
2, 2671
What are the prime factors of 241?
241
List the prime factors of 31085.
5, 6217
List the prime factors of 16861.
13, 1297
What are the prime factors of 502?
2, 251
List the prime factors of 27875.
5, 223
List the prime factors of 2943.
3, 109
List the prime factors of 12164.
2, 3041
What are the prime factors of 19741?
19, 1039
List the prime factors of 824.
2, 103
List the prime factors of 68.
2, 17
What are the prime factors of 10062?
2, 3, 13, 43
List the prime factors of 258.
2, 3, 43
What are the prime factors of 30323?
30323
List the prime factors of 119507.
127, 941
List the prime factors of 736.
2, 23
What are the prime factors of 15473?
15473
What are the prime factors of 11314?
2, 5657
What are the prime factors of 1704?
2, 3, 71
List the prime factors of 8554.
2, 7, 13, 47
What are the prime factors of 32640?
2, 3, 5, 17
What are the prime factors of 1010?
2, 5, 101
List the prime factors of 71980.
2, 5, 59, 61
List the prime factors of 5715.
3, 5, 127
List the prime factors of 2863.
7, 409
What are the prime factors of 6322?
2, 29, 109
What are the prime factors of 3218?
2, 1609
What are the prime factors of 3319?
3319
What are the prime factors of 6260?
2, 5, 313
What are the prime factors of 2402?
2, 1201
List the prime factors of 337.
337
What are the prime factors of 180?
2, 3, 5
What are the prime factors of 10399?
10399
What are the prime factors of 2285?
5, 457
What are the prime factors of 2781?
3, 103
List the prime factors of 9750.
2, 3, 5, 13
What are the prime factors of 9443?
7, 19, 71
List the prime factors of 4432.
2, 277
List the prime factors of 11518.
2, 13, 443
List the prime factors of 4298.
2, 7, 307
What are the prime factors of 156194?
2, 29, 2693
What are the prime factors of 94179?
3, 31393
What are the prime factors of 1689?
3, 563
What are the prime factors of 28977?
3, 13, 743
List the prime factors of 100147.
17, 43, 137
What are the prime factors of 2500?
2, 5
What are the prime factors of 5540?
2, 5, 277
What are the prime factors of 856?
2, 107
List the prime factors of 2261.
7, 17, 19
List the prime factors of 3006.
2, 3, 167
List the prime factors of 598.
2, 13, 23
List the prime factors of 1523.
1523
What are the prime factors of 4303?
13, 331
List the prime factors of 22919.
13, 41, 43
List the prime factors of 37214.
2, 23, 809
List the prime factors of 187.
11, 17
List the prime factors of 3529.
3529
List the prime factors of 2157.
3, 719
List the prime factors of 60942.
2, 3, 7, 1451
List the prime factors of 3175.
5, 127
List the prime factors of 3083.
3083
List the prime factors of 7261.
53, 137
List the prime factors of 41926.
2, 20963
What are the prime factors of 72251?
72251
What are the prime factors of 5428?
2, 23, 59
List the prime factors of 10182.
2, 3, 1697
What are the prime factors of 269?
269
What are the prime factors of 131?
131
What are the prime factors of 1797?
3, 599
List the prime factors of 31210.
2, 5, 3121
List the prime factors of 82348.
2, 7, 17, 173
List the prime factors of 1685.
5, 337
What are the prime factors of 26553?
3, 53, 167
List the prime factors of 25296.
2, 3, 17, 31
List the prime factors of 819.
3, 7, 13
What are the prime factors of 597?
3, 199
List the prime factors of 781.
11, 71
What are the prime factors of 4479?
3, 1493
What are the prime factors of 27272?
2, 7, 487
List the prime factors of 37340.
2, 5, 1867
List the prime factors of 2181.
3, 727
List the prime factors of 1966.
2, 983
List the prime factors of 36192.
2, 3, 13, 29
List the prime factors of 49011.
3, 17, 31
List the prime factors of 1887.
3, 17, 37
List the prime factors of 12102.
2, 3, 2017
What are the prime factors of 6800?
2, 5, 17
List the prime factors of 55097.
7, 17, 463
What are the prime factors of 22820?
2, 5, 7, 163
What are the prime factors of 11451?
3, 11, 347
List the prime factors of 3342.
2, 3, 557
What are the prime factors of 91?
7, 13
What are the prime factors of 50000?
2, 5
List the prime factors of 1397.
11, 127
List the prime factors of 90194.
2, 13, 3469
List the prime factors of 19999.
7, 2857
List the prime factors of 2001.
3, 23, 29
List the prime factors of 11910.
2, 3, 5, 397
What are the prime factors of 9432?
2, 3, 131
List the prime factors of 5144.
2, 643
What are the prime factors of 385?
5, 7, 11
What are the prime factors of 2124?
2, 3, 59
List the prime factors of 1875.
3, 5
List the prime factors of 4228.
2, 7, 151
What are the prime factors of 20055?
3, 5, 7, 191
List the prime factors of 17602.
2, 13, 677
What are the prime factors of 225?
3, 5
List the prime factors of 22168.
2, 17, 163
What are the prime factors of 37561?
37561
What are the prime factors of 465?
3, 5, 31
List the prime factors of 26723.
26723
What are the prime factors of 54402?
2, 3, 9067
What are the prime factors of 109209?
3, 59, 617
What are the prime factors of 42440?
2, 5, 1061
What are the prime factors of 9705?
3, 5, 647
List the prime factors of 11609.
13, 19, 47
List the prime factors of 1893.
3, 631
What are the prime factors of 2782?
2, 13, 107
List the prime factors of 3271.
3271
What are the prime factors of 9152?
2, 11, 13
List the prime factors of 45928.
2, 5741
What are the prime factors of 9101?
19, 479
List the prime factors of 42910.
2, 5, 7, 613
List the prime factors of 32034.
2, 3, 19, 281
What are the prime factors of 1741?
1741
List the prime factors of 1696.
2, 53
What are the prime factors of 31039?
31039
List the prime factors of 87059.
7, 12437
List the prime factors of 34995.
3, 5, 2333
What are the prime factors of 1089?
3, 11
List the prime factors of 2550.
2, 3, 5, 17
What are the prime factors of 1638?
2, 3, 7, 13
What are the prime factors of 300?
2, 3, 5
List the prime factors of 78358.
2, 7, 29, 193
List the prime factors of 816.
2, 3, 17
What are the prime factors of 618?
2, 3, 103
List the prime factors of 96880.
2, 5, 7, 173
List the prime factors of 689.
13, 53
List the prime factors of 396.
2, 3, 11
List the prime factors of 1214.
2, 607
What are the prime factors of 678?
2, 3, 113
List the prime factors of 4094.
2, 23, 89
List the prime factors of 2233.
7, 11, 29
List the prime factors of 12048.
2, 3, 251
List the prime factors of 61860.
2, 3, 5, 1031
List the prime factors of 41929.
23, 1823
What are the prime factors of 565?
5, 113
List the prime factors of 495.
3, 5, 11
What are the prime factors of 1034?
2, 11, 47
What are the prime factors of 906?
2, 3, 151
What are the prime factors of 43179?
3, 37, 389
What are the prime factors of 370?
2, 5, 37
What are the prime factors of 1401?
3, 467
List the prime factors of 4152.
2, 3, 173
List the prime factors of 4068.
2, 3, 113
List the prime factors of 1750.
2, 5, 7
List the prime factors of 4666.
2, 2333
What are the prime factors of 5?
5
What are the prime factors of 4227?
3, 1409
What are the prime factors of 3782?
2, 31, 61
What are the prime factors of 2425?
5, 97
What are the prime factors of 11497?
11497
List the prime factors of 1626.
2, 3, 271
List the prime factors of 49414.
2, 31, 797
What are the prime factors of 6994?
2, 13, 269
What are the prime factors of 595?
5, 7, 17
List the prime factors of 17160.
2, 3, 5, 11, 13
What are the prime factors of 49852?
2, 11, 103
What are the prime factors of 416?
2, 13
What are the prime factors of 2525?
5, 101
What are the prime factors of 971?
971
What are the prime factors of 205?
5, 41
List the prime factors of 4804.
2, 1201
List the prime factors of 2112.
2, 3, 11
What are the prime factors of 27389?
61, 449
What are the prime factors of 5941?
13, 457
List the prime factors of 17862.
2, 3, 13, 229
What are the prime factors of 2321?
11, 211
What are the prime factors of 170?
2, 5, 17
List the prime factors of 61099.
61099
List the prime factors of 3589.
37, 97
List the prime factors of 213.
3, 71
List the prime factors of 2213.
2213
What are the prime factors of 3068?
2, 13, 59